t is -32a764 (base 11) in base 12?
-214946
Convert 222011100200110 (base 3) to base 13.
2b5a3a4
What is 3500911 (base 12) in base 8?
46730435
What is -3312104 (base 6) in base 13?
-5a193
112433141 (base 5) to base 14
d5872
What is 240044323 (base 5) in base 11?
68a086
What is -a3ca72 (base 15) in base 3?
-112122200210022
What is 114289 (base 11) in base 10?
181355
Convert 640526 (base 8) to base 5.
23311314
What is 102100421 (base 6) in base 11?
1006a95
1000010110111001101100000 (base 2) to base 6
1423402304
Convert -10101101011001110111011 (base 2) to base 9.
-11620342
What is -23010040 (base 5) in base 8?
-615772
-3213033313 (base 4) to base 7
-11023330
110002002202122 (base 3) to base 16
61f0f1
What is -239303 (base 10) in base 13?
-84bcc
200003111123 (base 4) to base 15
b0e862
Convert -123020302 (base 4) to base 3.
-12122110211
What is -1ccb06 (base 15) in base 14?
-289b20
What is -14334334 (base 5) in base 11?
-a4609
Convert -25152313 (base 6) to base 14.
-170633
Convert 41541101 (base 6) to base 2.
100100111100101011101
What is 21122100120 (base 3) in base 16?
24ba0
What is -6d593 (base 14) in base 4?
-1001100031
What is -612706 (base 8) in base 10?
-202182
-248a744 (base 11) to base 15
-5a4909
-1cd5e (base 16) to base 8
-346536
What is -3511414 (base 7) in base 10?
-439933
-468162 (base 9) to base 13
-9b1b3
What is -4203600 (base 7) in base 4?
-1323122331
Convert 39772 (base 10) to base 9.
60501
-11100111000011010 (base 2) to base 3
-20000021102
What is 34948a (base 12) in base 2?
11001110011101101010
What is 18b15 (base 16) in base 14?
28c05
Convert -313311113033 (base 4) to base 5.
-12221331440
709ab4 (base 12) to base 16
1ad6e8
What is -102001200211200 (base 3) in base 8?
-26332744
What is -11001010011010001 (base 2) in base 4?
-121103101
287203 (base 10) to base 3
112120222011
Convert -6489a (base 14) to base 15.
-4c0bb
What is -1001100011001111101 (base 2) in base 11?
-1a4147
Convert -3976cc (base 15) to base 8.
-12414405
What is -100110111101100 (base 2) in base 7?
-112105
Convert -51629 (base 13) to base 6.
-3044055
-100101011011111 (base 2) to base 16
-4adf
What is 312562 (base 8) in base 13?
38322
Convert 222111321 (base 4) to base 12.
84449
22262 (base 11) to base 2
111110111111110
What is 11000000101001000011000 (base 2) in base 5?
3103444342
What is -206542033 (base 7) in base 9?
-25172327
Convert 500590 (base 11) to base 15.
10dc09
-28869 (base 10) to base 9
-43536
Convert 12010221202010 (base 3) to base 10.
2735022
Convert -112001111112 (base 4) to base 16.
-581556
What is -2864981 (base 11) in base 14?
-923206
What is 50156a (base 13) in base 15?
26aed0
Convert 140000233 (base 5) to base 15.
dd548
What is 2002200010 (base 3) in base 4?
22011201
-1050450403 (base 6) to base 5
-10421440412
Convert -14721 (base 11) to base 4.
-11011203
What is -315266 (base 8) in base 12?
-50a1a
Convert -2131333330 (base 5) to base 16.
-458efe
What is 134834 (base 11) in base 2?
110011100101100111
Convert -88a633 (base 11) to base 4.
-11122211120
7382 (base 16) to base 6
344522
5a7023 (base 16) to base 2
10110100111000000100011
Convert 663d9 (base 15) to base 14.
86579
-1100010000101010011000 (base 2) to base 10
-3213976
313333223 (base 5) to base 2
100111111011110010011
What is 2b7107 (base 12) in base 7?
6162424
Convert 1542022 (base 7) to base 6.
4313234
What is 346360 (base 8) in base 6?
2310144
-42560 (base 8) to base 5
-1032101
What is -1193179 (base 14) in base 10?
-8421639
What is -110000011111001111 (base 2) in base 10?
-198607
16440d (base 14) to base 2
10111110011100111101
Convert 1b5291 (base 12) to base 16.
76a4d
Convert -6bc29 (base 15) to base 6.
-11210450
What is -82007 (base 9) in base 16?
-d2c1
272db (base 15) to base 10
125531
What is 119933 (base 14) in base 2?
10010011001001111001
11013635 (base 7) to base 4
3212230232
358677 (base 15) to base 16
270ee0
Convert 211006 (base 10) to base 9.
351401
Convert 2a821d (base 16) to base 8.
12501035
110031022100 (base 4) to base 11
2a98609
-34833 (base 16) to base 7
-1554042
-45131250 (base 6) to base 9
-2510383
Convert 240242 (base 9) to base 4.
203102132
Convert -1c172 (base 16) to base 8.
-340562
63d541 (base 14) to base 8
14707325
What is -6046546 (base 8) in base 16?
-184d66
748555 (base 9) to base 12
196042
53447 (base 8) to base 12
10ab3
What is -102103010333 (base 4) in base 7?
-55525436
Convert 562bd (base 14) to base 3.
101121211120
Convert -16c0c7 (base 16) to base 8.
-5540307
What is -2456c (base 15) in base 5?
-12202402
-2122201201 (base 3) to base 6
-1042031
Convert 3198443 (base 11) to base 14.
a638a6
What is 101121010 (base 4) in base 11?
49580
-990d2 (base 15) to base 4
-1312230311
Convert 43521 (base 10) to base 5.
2343041
What is 927246 (base 12) in base 7?
25331202
What is 201251531 (base 6) in base 7?
41066101
Convert 60439 (base 12) to base 5.
13000122
Convert -100011110010111111110101 (base 2) to base 6.
-533044033
Convert -354250 (base 8) to base 9.
-203874
Convert 10041004 (base 5) to base 3.
11002202220
What is 43917 (base 11) in base 8?
174260
52b32 (base 12) to base 5
11440013
Convert 3a1a44 (base 15) to base 8.
12511260
-188499 (base 11) to base 10
-289419
Convert -112121002101 (base 3) to base 11.
-186933
What is -17a6885 (base 11) in base 15?
-405000
44aa6b (base 13) to base 7
16540155
What is 122103212 (base 4) in base 9?
173722
-a902aa (base 12) to base 13
-728971
3133763 (base 9) to base 6
55530350
54c92 (base 16) to base 9
578338
139076 (base 12) to base 6
11000230
-405034424 (base 6) to base 11
-3a21703
What is -9423 (base 13) in base 12?
-ba26
Convert -54343252 (base 6) to base 14.
-300a9a
Convert 208474 (base 11) to base 15.
68b60
What is 211002022021 (base 3) in base 11?
277669
What is 1101b9 (base 12) in base 15?
54e53
11111010010100 (base 2) to base 3
210222100
What is 1101001100000101 (base 2) in base 5?
3212041
Convert 17249a (base 12) to base 5.
100220014
What is 152a00 (base 14) in base 2?
10110100000001001000
Convert 27ade (base 15) to base 8.
370546
Convert -34a17c (base 15) to base 3.
-11201202112200
Convert -1120120221111 (base 3) to base 14.
-17b713
12020021220001 (base 3) to base 8
12467577
2200321021 (base 4) to base 7
5413222
Convert -10101101000001101111 (base 2) to base 10.
-708719
What is -2100122113 (base 4) in base 13?
-17930b
-22153513 (base 9) to base 5
-10221121103
12242342 (base 5) to base 11
81012
What is -1a2a12 (base 12) in base 16?
-7092e
d2893 (base 14) to base 16
7bae1
What is 3021123312 (base 4) in base 14?
176982
What is -43220000 (base 5) in base 13?
-cacb2
What is -111012143 (base 5) in base 9?
-818630
407774 (base 12) to base 14
1c3772
Convert -100021322 (base 4) to base 6.
-1230202
Convert 1812 (base 14) to base 3.
12221022
What is 1121300123 (base 5) in base 14?
49a2bc
What is -77897 (base 10) in base 3?
-10221212002
-40a88 (base 15) to base 9
-342032
Convert -539618 (base 11) to base 14.
-186166
What is -1431437 (base 9) in base 6?
-24522011
What is -1c15d (base 14) in base 6?
-1311331
What is 30420202 (base 5) in base 14?
6662d
8ba7a (base 12) to base 11
118082
Convert -2244433 (base 12) to base 16.
-641967
22056153 (base 7) to base 8
7170126
What is -823608 (base 9) in base 7?
-4102211
Convert 1a1cbb (base 15) to base 14.
251724
Convert -204423255 (base 6) to base 12.
-1247b2b
-320b6 (base 14) to base 15
-25c4b
-2411635 (base 7) to base 14
-7d51c
bb0d (base 15) to base 4
21222331
Convert -221113111 (base 4) to base 8.
-512725
244411021 (base 6) to base 11
2719938
-355235 (base 10) to base 9
-601255
Convert -28a6e (base 16) to base 2.
-101000101001101110
69185 (base 15) to base 12
14168b
1ab03 (base 12) to base 5
2231403
Convert -10554411 (base 6) to base 11.
-203187
Convert 179f80 (base 16) to base 6.
53103224
What is 30c66 (base 16) in base 6?
4140530
Convert -20118287 (base 9) to base 8.
-44607365
What is 20112646 (base 7) in base 16?
1970ec
-1011110001000110010 (base 2) to base 16
-5e232
339e0d (base 15) to base 5
1112313123
1524941 (base 10) to base 14
2b9a45
32064470 (base 8) to base 11
3954009
Convert 5515500 (base 7) to base 8.
2451441
What is 32000111330 (base 4) in base 8?
16002574
24314265 (base 7) to base 12
888b59
-134286 (base 9) to base 11
-56584
1220020212 (base 3) to base 10
37364
Wh